8 a multiple of 280?
False
Is 199 a factor of 2589730216?
False
Is 43226568 a multiple of 506?
True
Is 543 a factor of 85354713?
True
Is 97515453 a multiple of 3?
True
Is 60700375 a multiple of 2792?
False
Is 967361103 a multiple of 9?
True
Is 1225 a factor of 604542400?
True
Is 6101245 a multiple of 331?
False
Is 89 a factor of 545048193?
True
Does 81 divide 320945895?
True
Is 62174732 a multiple of 43?
True
Is 424 a factor of 33193663?
False
Does 6 divide 1057165535?
False
Is 31928643 a multiple of 4159?
True
Does 117 divide 74979206?
False
Is 116 a factor of 763352396?
False
Does 128 divide 3105903288?
False
Is 5 a factor of 149183651?
False
Is 11610352 a multiple of 4?
True
Is 317 a factor of 50412762?
False
Is 47707827 a multiple of 1961?
False
Does 16 divide 3812292?
False
Is 2 a factor of 4744764?
True
Does 588 divide 447162828?
True
Does 999 divide 27508502?
False
Is 226 a factor of 13393212?
True
Is 4 a factor of 8428797?
False
Is 151 a factor of 1174250362?
False
Is 549405268 a multiple of 3147?
False
Is 603158977 a multiple of 4?
False
Does 331 divide 5885585085?
False
Is 17096864 a multiple of 632?
True
Does 40 divide 10759360?
True
Is 3 a factor of 114160096?
False
Is 13327489 a multiple of 3?
False
Is 88 a factor of 22754175?
False
Is 7 a factor of 65666790?
True
Does 6 divide 17442942?
True
Is 3621 a factor of 733899140?
False
Is 11 a factor of 44622842?
True
Does 1530 divide 279007740?
True
Is 129324139 a multiple of 3777?
False
Does 62 divide 195617006?
True
Is 28505360 a multiple of 65?
True
Does 7437 divide 209202147?
False
Is 544916833 a multiple of 109?
True
Does 273 divide 346183333?
False
Is 14550659 a multiple of 15?
False
Is 300 a factor of 74553636?
False
Is 2972 a factor of 52999676?
True
Is 615 a factor of 341662635?
True
Does 966 divide 2792383?
False
Is 2797181785 a multiple of 23?
False
Is 68 a factor of 11351730?
False
Is 10 a factor of 46736220?
True
Is 148009463 a multiple of 119?
True
Does 118 divide 90384950?
False
Is 12061950 a multiple of 4?
False
Is 288 a factor of 186261120?
True
Is 2982 a factor of 29400545?
False
Does 38 divide 416895972?
False
Does 261 divide 36240633?
True
Is 1854 a factor of 135238176?
True
Is 794 a factor of 495296969?
False
Does 1605 divide 58924909?
False
Is 13 a factor of 19597661?
False
Is 11976177 even?
False
Does 36 divide 8185329?
False
Is 3 a factor of 22404534?
True
Does 1943 divide 1089541136?
True
Is 1881138 a multiple of 3?
True
Does 5570 divide 735017200?
True
Is 74417294 a multiple of 4303?
False
Does 1661 divide 37395407?
False
Does 2934 divide 236478706?
False
Is 22 a factor of 5629009?
False
Is 16 a factor of 53750146?
False
Is 57 a factor of 77039775?
True
Does 7 divide 1239367943?
False
Is 198424216 a multiple of 1447?
True
Does 3285 divide 3038032290?
False
Is 55983280 a multiple of 40?
True
Does 200 divide 229568434?
False
Is 71 a factor of 106056747?
True
Is 143351050 a multiple of 19?
False
Does 1538 divide 39257589?
False
Is 95 a factor of 1232712031?
False
Does 1069 divide 1658349?
False
Is 28381680 a multiple of 8?
True
Is 162 a factor of 32222932?
False
Does 123 divide 2471049?
False
Does 2 divide 54482673?
False
Is 577 a factor of 114944170?
True
Is 100 a factor of 15217995?
False
Does 1181 divide 120084907?
False
Does 11 divide 223325520?
True
Is 26 a factor of 58036542?
False
Is 58 a factor of 772150926?
True
Is 6224982 a multiple of 144?
False
Is 206307507 a multiple of 6?
False
Is 226 a factor of 10671075?
False
Does 50 divide 56044050?
True
Does 13 divide 196761357?
True
Does 12 divide 525924480?
True
Does 70 divide 3371550?
True
Does 30 divide 3013770?
True
Is 53 a factor of 40367970?
False
Is 1330 a factor of 2859538570?
True
Is 377331296 a multiple of 4?
True
Is 15722220 a multiple of 845?
False
Does 308 divide 365170933?
False
Is 275431897 a multiple of 396?
False
Does 146 divide 95490151?
False
Is 36848116 a multiple of 16?
False
Is 310794448 a multiple of 570?
False
Is 763 a factor of 862608124?
True
Is 62 a factor of 35033340?
False
Is 5 a factor of 10594106?
False
Is 416 a factor of 162727130?
False
Does 8 divide 47439136?
True
Is 112426295 a multiple of 215?
True
Is 2020 a factor of 27490180?
True
Is 9 a factor of 24358491?
True
Is 697367614 a multiple of 8290?
False
Is 480707876 a multiple of 22?
True
Is 901 a factor of 12594178?
True
Is 704481355 a multiple of 1457?
True
Is 42444918 a multiple of 18?
True
Does 2 divide 13372105?
False
Does 2074 divide 52012454?
False
Is 35 a factor of 405489630?
True
Does 483 divide 1586839?
False
Is 481 a factor of 634952808?
False
Does 491 divide 91184592?
True
Does 20 divide 2322533189?
False
Is 319077070 a multiple of 10?
True
Does 80 divide 267478640?
True
Does 6 divide 157007904?
True
Does 126 divide 2144965099?
False
Is 7 a factor of 12551513?
False
Does 334 divide 380521525?
False
Is 191366440 a multiple of 112?
False
Is 53 a factor of 173485006?
True
Does 1730 divide 403083080?
True
Is 332 a factor of 364529165?
False
Does 5687 divide 1053447248?
False
Does 17 divide 2454405758?
False
Is 12529620 a multiple of 18?
True
Does 161 divide 493850205?
False
Is 1466 a factor of 318056030?
True
Does 931 divide 5857852?
True
Does 40 divide 34466855?
False
Is 14 a factor of 1620825716?
False
Is 76 a factor of 43177468?
False
Does 96 divide 159203712?
True
Does 13 divide 85300098?
True
Is 53326490 a multiple of 7?
True
Does 659 divide 37251952?
True
Is 10818632 a multiple of 88?
True
Is 454390466 a multiple of 479?
False
Is 4 a factor of 3254435?
False
Does 10 divide 404914521?
False
Does 26 divide 1029385838?
True
Is 5038675 a multiple of 25?
True
Is 78 a factor of 15206412?
True
Does 166 divide 2279450912?
True
Does 1274 divide 2032785299?
False
Is 450552320 a multiple of 3776?
True
Is 1028084 a multiple of 31?
True
Is 24 a factor of 2720008108?
False
Is 51 a factor of 289786743?
True
Is 36430592 a multiple of 2816?
True
Is 1474209 a multiple of 5?
False
Does 952 divide 99528744?
True
Is 65563423 a multiple of 1103?
True
Does 7351 divide 580177675?
True
Is 237402784 a multiple of 5111?
False
Does 1226 divide 128528922?
False
Does 31 divide 300815253?
False
Is 3314378316 a multiple of 228?
True
Is 5 a factor of 290947140?
True
Is 808178625 a multiple of 45?
True
Is 21 a factor of 1330831875?
False
Does 182 divide 491305360?
True
Is 1472 a factor of 391168370?
False
Is 76781657 a multiple of 196?
False
Does 1084 divide 542930072?
True
Is 21705645 a multiple of 1409?
True
Is 189070463 a multiple of 79?
True
Is 25 a factor of 2114755593?
False
Does 76 divide 7358396?
True
Does 1003 divide 184174872?
True
Does 101 divide 295176448?
False
Is 422 a factor of 56563752?
False
Is 4884197460 a multiple of 12?
True
Does 17 divide 2867995200?
True
Is 213 a factor of 5786417?
False
Is 359468632 a multiple of 233?
False
Does 18 divide 84434977?
False
Does 22 divide 844608644?
True
Does 192 divide 159293936?
False
Does 57 divide 116715?
False
Does 15 divide 207035145?
True
Is 3304099606 a multiple of 2699?
True
Is 273314097 a multiple of 71?
False
Is 57 a factor of 46931094?
False
Is 40956636 a multiple of 604?
True
Is 691 a factor of 724672600?
False
Is 2 a factor of 16504195?
False
Is 12 a factor of 169533354?
False
Is 44455007 a multiple of 424?
False
Is 673 a factor of 61419479?
False
Is 4165041 a multiple of 108?
False
Does 826 divide 93679265?
False
Is 5473 a factor of 124165951?
True
Does 13 divide 1572687?
False
Is 1001 a factor of 714675135?
False
Is 987 a factor of 4511481?
False
Is 100846704 a multiple of 653?
False
Is 1133 a factor of 32185131?
True
Is 861502565 a multiple of 365?
True
Does 131 divide 561237604?
False
Is 1489260714 a multiple of 488?
False
Does 17 divide 575951670?
True
Is 136 a factor of 12463584?
True
Is 19579204 even?
True
Is 769 a factor of 115142370?
True
Is 60 a factor of 17579280?
True
Does 4981 divide 572685494?
True
Does 87 divide 2019762772?
False
Does 430 divide 10297210?
True
Is 1980149976 a multiple of 216?
True
Is 371424567 a multiple of 3921?
True
Is 69101385 a multiple of 99?
False
Is 60 a factor of 134676360?
True
Does 18 divide 47638746?
True
Is 10 a factor of 5928733?
False
Is 2842676731 a multiple of 2969?
False
Is 1192576986 a multiple of 54?
True
Is 54281234 a multi